 19, 83, 229
List the prime factors of 15619243.
17, 918779
What are the prime factors of 332528?
2, 7, 2969
What are the prime factors of 469708?
2, 117427
List the prime factors of 2415201.
3, 805067
What are the prime factors of 5769707?
179, 32233
What are the prime factors of 3302366?
2, 1651183
List the prime factors of 4260545.
5, 61, 229
List the prime factors of 20633.
47, 439
What are the prime factors of 2317725?
3, 5, 10301
List the prime factors of 414135.
3, 5, 9203
List the prime factors of 23236341.
3, 7745447
List the prime factors of 2587545.
3, 5, 6389
What are the prime factors of 5620822?
2, 2810411
What are the prime factors of 818938?
2, 19, 23, 937
List the prime factors of 24327131.
24327131
List the prime factors of 7553688.
2, 3, 29, 10853
List the prime factors of 1346212.
2, 7, 48079
List the prime factors of 13576623.
3, 4525541
List the prime factors of 113076.
2, 3, 349
List the prime factors of 161384.
2, 20173
What are the prime factors of 3837302?
2, 7, 274093
List the prime factors of 337475.
5, 13499
List the prime factors of 122061.
3, 23, 29, 61
What are the prime factors of 1040158?
2, 7, 74297
List the prime factors of 9625938.
2, 3, 7, 229189
What are the prime factors of 703748?
2, 175937
List the prime factors of 2487225.
3, 5, 13, 2551
What are the prime factors of 8262555?
3, 5, 7, 78691
List the prime factors of 223631.
151, 1481
List the prime factors of 11657267.
83, 140449
List the prime factors of 5299323.
3, 1766441
What are the prime factors of 38107?
53, 719
What are the prime factors of 301882?
2, 7, 21563
List the prime factors of 5458.
2, 2729
List the prime factors of 3411791.
61, 55931
What are the prime factors of 3716079?
3, 1238693
List the prime factors of 1302588.
2, 3, 7, 1723
What are the prime factors of 374579?
83, 4513
List the prime factors of 4337020.
2, 5, 216851
List the prime factors of 176229.
3, 61, 107
What are the prime factors of 3026759?
29, 59, 61
What are the prime factors of 179075?
5, 13, 19, 29
List the prime factors of 6040754.
2, 113, 26729
What are the prime factors of 390259?
31, 12589
What are the prime factors of 64264?
2, 29, 277
List the prime factors of 29169.
3, 7, 463
List the prime factors of 353929.
353929
What are the prime factors of 1396127?
1396127
What are the prime factors of 20017123?
7, 103, 27763
List the prime factors of 3525645.
3, 5, 235043
What are the prime factors of 366995?
5, 29, 2531
What are the prime factors of 2350047?
3, 7, 47, 2381
List the prime factors of 4300732.
2, 37, 29059
What are the prime factors of 3153803?
1429, 2207
List the prime factors of 3014036.
2, 317, 2377
List the prime factors of 84501.
3, 41, 229
List the prime factors of 7473092.
2, 11, 169843
List the prime factors of 3026603.
109, 27767
List the prime factors of 13832229.
3, 4610743
List the prime factors of 13292475.
3, 5, 7, 3617
List the prime factors of 1614526.
2, 431, 1873
What are the prime factors of 1739191?
23, 75617
What are the prime factors of 9115874?
2, 4557937
List the prime factors of 12573883.
7, 1796269
What are the prime factors of 99483?
3, 33161
What are the prime factors of 317657?
31, 10247
What are the prime factors of 4699268?
2, 7, 23, 7297
What are the prime factors of 5288881?
13, 406837
List the prime factors of 2603243.
29, 89767
What are the prime factors of 881041?
7, 125863
What are the prime factors of 385124?
2, 96281
What are the prime factors of 2020658?
2, 1010329
What are the prime factors of 2777737?
1033, 2689
List the prime factors of 3127548.
2, 3, 260629
What are the prime factors of 14821468?
2, 3705367
List the prime factors of 869626.
2, 434813
What are the prime factors of 19531624?
2, 7, 348779
List the prime factors of 48546.
2, 3, 29, 31
List the prime factors of 206611.
307, 673
What are the prime factors of 12217391?
12217391
List the prime factors of 299155.
5, 19, 47, 67
List the prime factors of 22267935.
3, 5, 494843
List the prime factors of 18028983.
3, 7, 389, 2207
List the prime factors of 424669.
7, 19, 31, 103
What are the prime factors of 11021?
103, 107
What are the prime factors of 107528?
2, 13441
What are the prime factors of 3453294?
2, 3, 13, 44273
What are the prime factors of 189267?
3, 13, 23, 211
List the prime factors of 1073978.
2, 536989
What are the prime factors of 5881954?
2, 13, 29, 269
List the prime factors of 945728.
2, 7, 2111
List the prime factors of 1971292.
2, 43, 73, 157
List the prime factors of 1099998.
2, 3, 23, 2657
List the prime factors of 1778767.
353, 5039
List the prime factors of 2284797.
3, 23, 33113
List the prime factors of 191013.
3, 63671
List the prime factors of 733174.
2, 13, 163, 173
List the prime factors of 1048329.
3, 41, 947
List the prime factors of 699407.
23, 47, 647
List the prime factors of 3898698.
2, 3, 649783
List the prime factors of 16807544.
2, 13, 161611
List the prime factors of 7186117.
43, 167119
What are the prime factors of 336378?
2, 3, 7, 8009
List the prime factors of 21329.
7, 11, 277
What are the prime factors of 150106?
2, 11, 6823
What are the prime factors of 404598?
2, 3, 67433
What are the prime factors of 611681?
7, 87383
What are the prime factors of 600115?
5, 19, 6317
List the prime factors of 112615.
5, 101, 223
List the prime factors of 828903.
3, 17, 16253
What are the prime factors of 268099?
13, 41, 503
What are the prime factors of 294924?
2, 3, 7, 3511
What are the prime factors of 767307?
3, 251, 1019
List the prime factors of 12286525.
5, 491461
List the prime factors of 213842.
2, 106921
List the prime factors of 84126.
2, 3, 7, 2003
What are the prime factors of 237452?
2, 23, 29, 89
What are the prime factors of 57759?
3, 13, 1481
List the prime factors of 103923.
3, 1283
What are the prime factors of 8189838?
2, 3, 454991
What are the prime factors of 214534?
2, 67, 1601
List the prime factors of 1193237.
1193237
What are the prime factors of 135445?
5, 103, 263
List the prime factors of 873122.
2, 53, 8237
List the prime factors of 2384865.
3, 5, 7, 67, 113
What are the prime factors of 7169674?
2, 727, 4931
List the prime factors of 1688686.
2, 53, 89, 179
What are the prime factors of 9766311?
3, 3255437
List the prime factors of 9174777.
3, 19, 53, 3037
List the prime factors of 389513.
389513
List the prime factors of 217861.
7, 31123
What are the prime factors of 3908266?
2, 17, 71, 1619
List the prime factors of 22329.
3, 827
List the prime factors of 13089820.
2, 5, 654491
What are the prime factors of 740328?
2, 3, 109, 283
List the prime factors of 1281414.
2, 3, 41, 5209
List the prime factors of 2542017.
3, 847339
What are the prime factors of 1920973?
41, 46853
What are the prime factors of 2899416?
2, 3, 13, 9293
What are the prime factors of 4064537?
19, 23, 71, 131
List the prime factors of 552084.
2, 3, 13, 3539
List the prime factors of 3863461.
7, 547, 1009
List the prime factors of 14439767.
29, 71, 7013
List the prime factors of 23090512.
2, 1443157
List the prime factors of 667481.
503, 1327
What are the prime factors of 390032?
2, 19, 1283
List the prime factors of 245773.
11, 22343
List the prime factors of 1196327.
11, 9887
List the prime factors of 180254.
2, 90127
What are the prime factors of 8615985?
3, 5, 7, 31, 2647
What are the prime factors of 11305681?
11305681
List the prime factors of 15865428.
2, 3, 31, 42649
List the prime factors of 87394.
2, 37, 1181
What are the prime factors of 133441?
7, 11, 1733
List the prime factors of 536449.
536449
What are the prime factors of 4691656?
2, 586457
What are the prime factors of 141813?
3, 7, 2251
What are the prime factors of 134124?
2, 3, 11177
List the prime factors of 1018451.
7, 29, 173
What are the prime factors of 295731?
3, 1217
List the prime factors of 332973.
3, 36997
List the prime factors of 1157002.
2, 7, 11, 683
List the prime factors of 228817.
19, 12043
What are the prime factors of 9443?
7, 19, 71
What are the prime factors of 7406698?
2, 13, 113, 2521
List the prime factors of 8660128.
2, 277, 977
What are the prime factors of 1925835?
3, 5, 128389
List the prime factors of 8099885.
5, 61, 26557
What are the prime factors of 3012799?
37, 107, 761
List the prime factors of 1094638.
2, 101, 5419
